u = a + -2. List the prime factors of u.
5
Let m = -311 + 449. List the prime factors of m.
2, 3, 23
Let g(w) = 5*w - 8 + 6 + 3*w**3 - 2*w**3. What are the prime factors of g(3)?
2, 5
Let n = 97 - 67. List the prime factors of n.
2, 3, 5
Let f = 7 - 2. Suppose -3*j + f*o - o = -26, 5*j + 5*o + 15 = 0. Suppose 0 = -4*u + j + 10. List the prime factors of u.
3
Let z(m) = 13*m**3 - 2*m**2 + 2*m - 1. Let j be z(1). Let q be (-107)/(-3) - (-4)/j. Suppose q = -2*u + 6*u. What are the prime factors of u?
3
Suppose -1 = -2*i + 21. Let o = i + -19. Let d = o - -12. List the prime factors of d.
2
Suppose -2*r + 16 = -3*c, -2*r = -4*c - 18 - 6. Let b = c - -26. List the prime factors of b.
2, 3
Suppose 0 = -2*h - 3*h - 5*c + 20, 2*c - 14 = -4*h. Let q = h + 5. List the prime factors of q.
2
List the prime factors of (-4)/22 + (-684)/(-132).
5
Let b(d) = -d**2 - 7*d. Let x be b(-7). Suppose w = 4*i + 30, -4*w - 4*i + 30 - 10 = x. List the prime factors of w.
2, 5
Let h(n) = n + 1. Let j be h(7). Let u = 1 + j. Suppose 2*p = 3*p - u. List the prime factors of p.
3
Let i(a) = -a**2 - 6*a - 3. Let c be i(-5). Suppose 0 = -c*r + 4 - 0. What are the prime factors of r?
2
Let j(a) = -3*a + 7 + 7*a**2 - 4 + 2*a**3 - a**3 + 6. Let u be j(-7). Suppose 5*s - u - 70 = 0. What are the prime factors of s?
2, 5
Let a(x) = x**3 + 4*x**2 - 2*x - 6. Suppose -3*z - 9 - 3 = 0. List the prime factors of a(z).
2
Let v be 40/12*(-6)/(-5). Let z(w) = 4*w - 1. What are the prime factors of z(v)?
3, 5
Let i = -1 + 3. Suppose -z - i = -2*z. Suppose -m - 7 = -z*m. What are the prime factors of m?
7
Suppose 5*r = 3 + 7. Suppose 5*l - r*f = 43, 2*l = l + f + 8. List the prime factors of l.
3
Let i(s) = s**2 - 7*s + 11. What are the prime factors of i(6)?
5
Let i = 16 - -351. What are the prime factors of i?
367
Suppose -2*c + 2*h + 198 = 0, 3*c - h - 325 = -26. What are the prime factors of c?
2, 5
Let f be (2 - (-7)/(-2))*-2. Suppose -19 = -4*m - f. Suppose -4*l - 17 = -s + 1, -4*s = m*l - 12. What are the prime factors of s?
2, 3
Let v(a) = a**2 - 3*a - 15. Let j(k) = k**2 + 4*k + 3. Let o be j(-5). What are the prime factors of v(o)?
5
Suppose 4*c + 4*u = 3*c - 17, 0 = -2*c - 2*u - 4. What are the prime factors of c?
3
Let p be 1/(-1)*(11 - 2). Let l = p + 28. List the prime factors of l.
19
Let j = -2 - -5. Suppose 0 = j*w + 4*t - 29 - 2, 3*t - 20 = -2*w. List the prime factors of w.
13
Suppose 2*n - 5*x - 24 = n, 2*n + 4*x + 8 = 0. Suppose 7*q - n*v = 2*q + 111, -q + 3*v = -20. What are the prime factors of q?
23
Suppose -25 = 5*o + 3*f, f + f = 4*o + 20. Suppose -5*l + 2*l = 24. Let s = o - l. List the prime factors of s.
3
Let s(i) = i**3 + 6*i**2 - i + 7. Let m be (6/(-8))/((-9)/(-72)). List the prime factors of s(m).
13
Let j(z) be the second derivative of z**5/20 - z**4/6 - z**3 + 5*z**2/2 - 2*z. What are the prime factors of j(4)?
13
Suppose 5*n = 3*l - 24 - 13, 5 = -n + 3*l. Let j = 15 + n. List the prime factors of (-4)/14 + 58/j.
2
Suppose v + 3*c - 61 = -v, 4*v = 3*c + 167. List the prime factors of v.
2, 19
Suppose -12*a = -10*a - 126. What are the prime factors of a?
3, 7
Suppose 2*a - 152 = 2*p, 2*a + 3*a + 2*p - 401 = 0. What are the prime factors of a?
79
Let m = 12 - 17. Let r = 8 - m. List the prime factors of r.
13
Let h(x) = -x**2 - 12*x - 6. Let a be -2 + (-2)/2 - 5. What are the prime factors of h(a)?
2, 13
Let w = 3 - -5. Let a(i) = -i**3 + 8*i**2 + 2*i - 11. Let x be a(w). List the prime factors of 1*(0 + 2*x).
2, 5
Let k be (29 + 1)/(2/2). Suppose -4*t = -3*t - 2. Suppose -j - t*j = -k. What are the prime factors of j?
2, 5
Let d = -37 + 42. What are the prime factors of d?
5
Let n(g) = g**2 + 6. Suppose 3*k = 8*k - 15. Suppose k = 2*i + 2*i - 3*w, 4*i + 2 = -2*w. What are the prime factors of n(i)?
2, 3
Let n(l) = -2*l**3 - 7*l**2 + 2*l + 15. What are the prime factors of n(-5)?
2, 5
Let k(c) = -3*c**3 - 4*c**2 + 9*c + 31. What are the prime factors of k(-5)?
3, 29
Let n(w) = 2*w**2 - 2*w + 1. Let c be n(2). Let k = c - 0. Suppose 2*z - k*z = -36. What are the prime factors of z?
2, 3
Suppose -16 = -2*m - 2*m + 4*c, 5*m - 4*c - 23 = 0. What are the prime factors of m/(-3)*(-4 - -1)?
7
Suppose 4*r = -2*b - 2, -2*b = 2*b - r - 32. Suppose -b*k + 3*k + 3*o + 22 = 0, 3*k - 23 = -o. Let p = k - -4. What are the prime factors of p?
11
Let d(q) = 3*q**2 - 2*q - 4. What are the prime factors of d(2)?
2
Suppose -108 = -s - 3*s + 4*g, 0 = 2*s + g - 48. What are the prime factors of s?
5
Let t(z) = -z - 2. Let f be t(-7). Suppose 0 = -f*q + 31 - 6. List the prime factors of q.
5
Let c = 4 + 1. Let b(s) = -5*s**3 + 3*s**2 - c + 6*s + s**3 + 3*s**3. What are the prime factors of b(4)?
3
Suppose -8 = -3*w + 7. Suppose 3*n + 2 = 2*z, 5*n + 10 = 2*n + 4*z. Let o = w + n. What are the prime factors of o?
7
Suppose -4*h + 0*h = -s - 18, -2*s + 24 = 4*h. What are the prime factors of -3*(-1)/s*10?
3, 5
Let c(i) = i + 7. Let n be c(-4). Let r(x) = -4*x**2 - 6*x + 2*x**2 + x**n - 1 + 5*x. What are the prime factors of r(3)?
5
Suppose 0*p = p. Suppose 0*l - 2*r = -3*l + 90, -4*l - 2*r + 134 = p. What are the prime factors of l?
2
Suppose -6*j + 111 = -75. What are the prime factors of j?
31
Let i(g) = -g + 13. List the prime factors of i(0).
13
Let u be 48/(-20) + 2/5. Let b(h) = -19*h - 1. Let a be b(u). Suppose f + 2*s = -0*s + 6, -2*f = -s - a. List the prime factors of f.
2
Suppose 2*u - 17 = 3*t, -2*u + 22 - 7 = -t. Let m = u + 1. List the prime factors of m.
2
Let x = -2 - -2. Suppose x = -4*b + 3*b + 111. What are the prime factors of 2/3 - b/(-9)?
13
Suppose 0*r - 3*r = -33. Suppose 4*q - 14 = -3*p + 3*q, 0 = 5*p + q - 24. Suppose -r - 4 = -p*j. List the prime factors of j.
3
Let b(s) = -37*s + 19. List the prime factors of b(-7).
2, 139
Let r(o) = o**3 + 6*o**2 - 7*o + 9. Let f(h) = -2*h + 1. Let n be f(4). What are the prime factors of r(n)?
3
Suppose 0 - 32 = 2*l. Let q = l - -7. What are the prime factors of ((-3)/q)/(1/33)?
11
Suppose 4*b + 204 = 4*c, -45 = -4*c + 5*b + 156. List the prime factors of c.
2, 3
Let c = -3 + 35. List the prime factors of c.
2
Suppose 650 = 4*z + 2*l, -2*z - 5*l = -6*z + 671. List the prime factors of z.
2, 41
Suppose 0 = 2*v + 4*n - 304, 2*v - 6*v + 593 = 5*n. What are the prime factors of v?
2, 71
Let f = 5 - 5. Suppose f = -r + 4*y - 1 + 9, 4*r - 17 = y. List the prime factors of r.
2
Let y be ((-4)/(-10))/((-1)/(-5)). Suppose -u + 3 = 2*f, 2*f + y*u + 1 = 3. Suppose 0 = -4*b + 5*s + 9, 0 = f*s + 2*s - 12. List the prime factors of b.
2, 3
Let p be (-4)/10 - 27/(-5). Suppose -2*x = 5*v - 29, -32 = -4*v - 5*x - 2. Suppose 13 = 2*l - v*b, -3*b + 3 = -p*l + 26. List the prime factors of l.
2
Suppose 1 = -5*l + 16. Suppose 0 = -5*t - f + 65, -5*f + f = -l*t + 62. What are the prime factors of t?
2, 7
Suppose 4*h - 4*z - 164 = -0*z, -82 = -2*h - 3*z. List the prime factors of h.
41
Let s = -106 - -190. List the prime factors of s.
2, 3, 7
Let u be (10/4)/(2/32). Suppose 0 = 4*r + r - u. What are the prime factors of r?
2
Let u(s) = -s + 17. Let l be u(12). Suppose -5*v + 4*a + 128 = a, -l*v + 124 = -4*a. List the prime factors of v.
2, 7
What are the prime factors of (-150)/120*(-1 + -47)?
2, 3, 5
Suppose -5*b - 5*c + 15 = 0, 5*b = b + 2*c + 30. Suppose -6*x + b = -4*x. What are the prime factors of x?
3
Let s(u) = u + 4. Let n(r) be the third derivative of r**6/120 + r**5/20 - r**4/12 - r**3/2 + 2*r**2. Let q be n(-3). List the prime factors of s(q).
7
Let d = 5 + -10. Let i = -1 + d. Let u = i + 9. List the prime factors of u.
3
Let j = 0 - -2. What are the prime factors of 7 - (-1 + (4 - j))?
2, 3
Let t be 12/(-20)*(3 - -2). Let r = 16 - t. List the prime factors of r.
19
Let o = 11 - 6. Suppose -6 = -o*z + 4. List the prime factors of (4/(-6) + z)*12.
2
Let x(q) = q**2 + 3*q + 3. Let s be x(-5). Let f = s + 1. What are the prime factors of f?
2, 7
Let l = -11 - -17. Suppose -4*b + l = -3*b. List the prime factors of b.
2, 3
Suppose 2*c + 1 = -c + 5*u, -2*c = -3*u. Suppose -4*w - j + 191 = w, c*w - 3*j = 129. What are the prime factors of w?
3, 13
Let l be ((-2)/(-4))/((-7)/70). Let q = 34 + l. List the prime factors of q.
29
What are the prime factors of 5 + (-6)/9*-6?
3
Suppose 2*r = 3*r - 7. Suppose 2*j = -2*k + 2, -1 = -2*k 